erivative of v**4/12 - 5*v**3/6 - 40*v. Let i be (-8)/12 + 23/3. Suppose 2*c - p + 25 = i*c, 5 = -p. Give h(c).
6
Let l(k) = k**2 - 2*k - 2. Let f(w) = 9*w**2 - 8*w - 6. Let b(d) = -f(d) + 3*l(d). What is b(1)?
-4
Let a(q) be the second derivative of 0 - 1/30*q**5 - 1/3*q**3 - q + 7/2*q**2 + 1/24*q**4. Let t(y) be the first derivative of a(y). Calculate t(3).
-17
Let j(t) be the third derivative of -t**6/120 - t**4/12 - t**3/6 + 42*t**2 + 1. Determine j(2).
-13
Let i(t) = 6*t**3 + 4*t**2 + 9*t - 3. Let r(g) = -g**3 - g + 1. Let l be (-1)/3*((-12)/(-4))/1. Let v(u) = l*i(u) - 5*r(u). Give v(-2).
-2
Let z(v) = -351*v + 176*v + 9 + 173*v. What is z(5)?
-1
Suppose 2 = -3*c + 2*d + 6, -2*c + 3*d = -6. Suppose c = -2*s + s + 15. Suppose -2*i = -j + 6, 5*i - j = 4*j - s. Let u(w) = -w**3 - 3*w**2 + 3*w. Give u(i).
-9
Let g(u) = 0*u**2 + 2*u - u**3 + 5 + 3*u**2 + u. Let v(y) = -2*y - 43. Let c be v(-13). Let h = c + 21. Determine g(h).
1
Let f(r) = -2*r**3 - 2*r**2 + 1. Suppose -9*v + 8*v = -3. Suppose b - 9 = -o, -v*b - 2 = -o - 5. Let n be (4/o)/((-14)/21). What is f(n)?
1
Let t(n) = -9 - 5*n**2 + 3*n**2 - n**3 + n + 12 - 7. Calculate t(-4).
24
Let g = 38 - 36. Let a(h) = h + 10*h**g - 10 - 8 + 19 - 3*h. Let j(x) = -x**2 + 5*x + 1. Let i be j(5). Determine a(i).
9
Let h = 3 - -3. Let r be (4/(-2))/(-2)*h. Let y(g) be the third derivative of -g**5/60 + 7*g**4/24 - 4*g**3/3 + 394*g**2 - g. Calculate y(r).
-2
Let k(f) = -32*f + 55*f - 26*f + 19. What is k(5)?
4
Let q(f) = -3*f**3 - 3. Let t(i) = 7*i**3 + i**2 + i + 7. Let s(g) = -5*q(g) - 2*t(g). Calculate s(4).
25
Suppose 7*o + 25 = -3. Let t(q) = 6*q - 4. Let w(r) = 5*r - 3. Let s(k) = -3*t(k) + 4*w(k). Give s(o).
-8
Let i(d) be the third derivative of d**6/720 - d**5/15 + 11*d**4/24 - 10*d**2. Let w(t) be the second derivative of i(t). What is w(6)?
-2
Let j be -2*-2*(-91)/52. Let l(b) be the first derivative of -b**2/2 - 8*b - 2. Calculate l(j).
-1
Let j(n) = -3*n**3 - 17*n**2 - 16*n + 23. Let b(v) = -4*v**3 - 25*v**2 - 24*v + 34. Let p(i) = -5*b(i) + 7*j(i). Suppose 2*w = 5*w - 21. Calculate p(w).
-2
Let h(d) = d**2 + 7*d - 14. Let b be h(-9). Let w(n) = 0*n**2 + n**2 + 0 - 1 + 3 - 6*n. Determine w(b).
-6
Let r(k) = -5*k**3 + 8*k**2 - 6*k - 7. Let u(g) = 11*g**3 - 15*g**2 + 11*g + 14. Let y(a) = -9*r(a) - 4*u(a). Give y(11).
-4
Let k(o) = 39*o + 11 - 104*o + 24*o + 38*o. Give k(9).
-16
Let r(o) = o**3 + 7*o**2 + 6*o. Let d(v) = v**3 - 2*v**2 - 13*v - 5. Let t be d(5). Suppose 4*s = j - 11 - 13, t*s = -j - 30. Determine r(s).
0
Let g(f) = f**2 + 36*f**3 + 9 + 25*f**3 - 14*f**2 - 62*f**3. What is g(-13)?
9
Suppose 0 = -21*r - 8*r - 174. Let d(y) = 2*y + 18. Calculate d(r).
6
Let x(r) = r**2 + 2*r - 10. Let i = 27 - 23. Suppose -2*h - 1 = -3*a - 28, 25 = -i*a - h. Calculate x(a).
25
Let b(w) = 11*w + 87*w**2 - 39*w**2 + 9 - 49*w**2. Determine b(11).
9
Let x = 269 + -155. Suppose -3*a + 6*a - x = 0. Suppose 5*k - 2*f + a = -0*k, -f = -4. Let c(z) = z**3 + 5*z**2 - 8*z - 5. Calculate c(k).
7
Suppose 15*y = 16*y. Suppose -5*a + y*a = -15. Let u(m) be the third derivative of -m**6/120 + m**5/30 + m**4/12 - m**3/3 - m**2. Determine u(a).
-5
Let l(b) = -5*b + 105 - 52 + b**2 - 52. Give l(6).
7
Let b(v) = v - 1. Let t(s) = 8*s + 5. Let z(y) = 4*b(y) + t(y). Determine z(-1).
-11
Let f(l) = 11*l + l**3 - 15*l + 15 - l**2 + 6*l**2 + 7*l. Give f(-5).
0
Let q(p) = 3*p**2 + 3*p + 1. Let a = 37 - 35. Let s be (9*a/12)/((-6)/8). What is q(s)?
7
Let r(a) = -a**2 + 9*a - 3. Suppose -36*t = -203 - 85. What is r(t)?
5
Let a(t) be the second derivative of -t**3/6 - 5*t**2/2 - t. Suppose 0 = 3*c - 4*c + 4*j - 3, 0 = 5*c - j + 110. Let f = 23 + c. Determine a(f).
-5
Let m(z) = -4*z. Let h(w) = -21*w + 1. Let q(f) = -2*h(f) + 11*m(f). Let v(x) = -x - 8. Let c be v(0). Let p be (-1 - 0)/((-4)/c). Calculate q(p).
2
Let g(a) = 0*a**2 - a**2 + a**3 - 9*a - 207 - 5*a**2 + 214. Determine g(7).
-7
Let x = 64 + -70. Let j(z) = -z**3 - 5*z**2 + 11*z + 6. Calculate j(x).
-24
Suppose 2*l + 2*s = -13 - 3, -4*l - 25 = -3*s. Let y(k) = -k - 9. What is y(l)?
-2
Let o(b) = -b**3 - 66*b**2 - 9. Let c be o(-66). Let y(l) = -l**3 - 8*l**2 + 7*l - 12. Give y(c).
6
Let h(p) = -17*p**3 + 15*p**2 + 9*p - 7. Let y(q) = 14*q**3 - 14*q**2 - 9*q + 7. Let v(t) = -5*h(t) - 6*y(t). Calculate v(-8).
-15
Let t(r) = -3*r - 2. Suppose -2*y + 4*y = 4*q - 4, 5*y + 4*q = 4. Let h = -20 + 24. Suppose y = x + x + h. Determine t(x).
4
Let x(r) = -r - 3. Let f be x(-4). Let v be (-38)/(-133) - ((-10)/14 - 1). Let k(c) = c**v + 6 - 1 - 4. Calculate k(f).
2
Let m be 1/(-3) - (-396)/54. Let c(t) = t - 15. Determine c(m).
-8
Let l(c) = -3*c**2 - c. Let s be 10/2 + (-16)/4. Give l(s).
-4
Let a(c) = -9*c**3 - 21*c**2 + 23*c + 24. Let o(f) = 4*f**3 + 10*f**2 - 11*f - 12. Let n(g) = -3*a(g) - 7*o(g). Calculate n(-8).
12
Let v(j) = -7 + 30*j - 108*j**2 + 7 + j**3 + 97*j**2 - 17*j - 9. Give v(9).
-54
Let b(t) = -t**2 + 4*t + 28. Let a(p) = 4*p**2 - 16*p - 112. Let n(u) = -2*a(u) - 9*b(u). What is n(7)?
-7
Let u(w) = -14*w**3 - 9*w**2 - 11*w. Let t(k) be the first derivative of 7*k**4/4 + 5*k**3/3 + 3*k**2 + 8. Let o(n) = -11*t(n) - 6*u(n). Give o(1).
6
Let m(d) = -d**3 + 5*d**2 + 2*d + 4. Suppose 0 = 423*s - 417*s - 30. Determine m(s).
14
Let s(x) = x + 5. Let p be s(-3). Suppose 7*q = 2*h + 2*q - 3, -p*q + 2 = 0. Let i(r) = 0 + 5 - r - 2*r - 2. Calculate i(h).
-9
Let s(y) be the third derivative of -y**4/12 - 5*y**3/6 + y**2. Suppose 0 = -15*c - 71 - 4. What is s(c)?
5
Let s(l) be the first derivative of l**4/4 + 16*l**3/3 + l**2/2 + 18*l - 255. Calculate s(-16).
2
Suppose 4*y - 10 = -c, -4*c = y + 2*y - 14. Let w(o) = -11*o + 6. What is w(c)?
-16
Let g(w) = -2*w + 7. Let x(d) = -2*d + 6. Let o(k) = -5*g(k) + 6*x(k). Let p(i) = -i + 10. Let j be p(7). Give o(j).
-5
Let a = -631 - -635. Let u(l) = 3*l**2 - 5*l - 2. Give u(a).
26
Let v = 241 + -230. Let o(b) = b**3 - 10*b**2 - 12*b + 8. Determine o(v).
-3
Let p(m) = m**2 + 12*m + 17. Suppose 0 = -2*q - 4*k - 38, q + 3*k = -2*q - 45. Let v be p(q). Let w(z) = z**2 - 10*z. Determine w(v).
-24
Let x(o) be the first derivative of 1/20*o**6 + 0*o**3 + 1/60*o**5 + 0*o**4 + 0*o - 1/2*o**2 + 3. Let a(b) be the second derivative of x(b). Determine a(1).
7
Let l be 66 - ((-8)/(-6) - 3/9). Let t = l - 61. Let j(f) = -2*f - 4. Give j(t).
-12
Suppose 4*s = -v - 1 - 3, -4*s = -5*v + 4. Let l(h) be the second derivative of -5*h**4/4 - h**2/2 + 2*h. Determine l(s).
-16
Let y = -10 + 4. Let v be (-8)/2*(-13)/52. Let a(t) = 19*t - 13*t - 7*t - 3 - v. Determine a(y).
2
Let u(k) = -2*k**3 - 2*k**2 + 2*k + 1. Let j(n) = -7*n**3 + 6*n**2 - 8*n + 27. Let t(x) = -j(x) + 3*u(x). What is t(11)?
9
Let w(s) = 271 - 503 - s**3 - s**2 - 16*s + 249 - 18*s**2. What is w(-18)?
-19
Let v(n) = -13*n**3 - 2*n**2 - 3*n - 2. Let g be v(-1). Let p be g/15 + 2/30*3. Let r(t) = -7*t + 1. What is r(p)?
-6
Let n(q) be the first derivative of q**2/2 + q + 2. Let u be (-7)/21 + 2/(-3). Let r be n(u). Let x(g) = g - 8. Determine x(r).
-8
Suppose 13*s - 23*s = 20. Let l(p) be the third derivative of p**4/12 + p**3/3 + 6*p**2. Give l(s).
-2
Let y be 9/(126/4)*21. Let c(g) = -g**2 + y + 26*g - 19*g - 13*g. Give c(-6).
6
Let y = 2 - 0. Let q(v) = -2*v**3 + 5*v - 1. Let p(k) = -k**3 + 2*k - 1. Let m(t) = y*q(t) - 5*p(t). What is m(0)?
3
Suppose -2*j + 15 - 5 = 0. Suppose -w - 1 - j = 0. Let f(u) = -3*u**2 - 45*u - 11. Let l(d) = 2*d**2 + 31*d + 7. Let q(n) = -5*f(n) - 7*l(n). Give q(w).
-6
Let g(u) be the third derivative of -u**4/24 + u**3/3 - 583*u**2 - 2*u. Let h be (2 - 1) + (-1)/1. Give g(h).
2
Let y(d) = 2*d**3 - 4*d**2 + 4*d - 2. Let l = 53 + -84. Let w be (-6)/(-18) + l/3. Let t = -8 - w. Give y(t).
6
Let x(p) = -5*p**3 + 4*p + 4. Let g(j) = -6*j**3 + 5*j + 5. Let s(f) = -4*g(f) + 5*x(f). Let m(c) = c**2 - 4*c + 4. Let l be m(3). Calculate s(l).
-1
Let a(i) = i**2 + 2*i - 2. Let t be a(1). Let p be 4*5/(-5) + 3/t. Let u(q) = -q**3 + 5*q**3 + q**3 - 1. Give u(p).
-6
Suppose -4*b = 3*s - 11, 6 = 4*b - 14. Let z be 5 + -1 + (s - -19). Suppose 16*w - 12*w - z = 0. Let g(i) = i**2 - 3*i - 7. Give g(w).
3
Let g = -170 + 172. Let k(n) = 3*n. Let p(d) = -6*d. Let o(j) = -5*k(j) - 3*p(j). Calculate o(g).
6
Let w = 31 + -33. Let a be 0 + 16/w + 1 + 2. Let d(y) = y**2 + 6